{"id":549,"date":"2016-12-27T20:13:32","date_gmt":"2016-12-27T19:13:32","guid":{"rendered":"http:\/\/cemada.m-software.cz\/?page_id=549"},"modified":"2017-01-02T10:08:33","modified_gmt":"2017-01-02T09:08:33","slug":"divadelni-zaznamy-filmy-apod","status":"publish","type":"page","link":"http:\/\/cemada.m-software.cz\/?page_id=549","title":{"rendered":"Divadeln\u00ed z\u00e1znamy, filmy apod."},"content":{"rendered":"<p><strong><a href=\"https:\/\/www.youtube.com\/watch?v=Vk0BUrk5Wfs\" target=\"_blank\">Na vlastn\u00ed triko (Youtube video)<\/a><br \/>\n<\/strong>(z\u00e1znam p\u0159edstaven\u00ed divadeln\u00ed sboru z&nbsp;Brand\u00fdsa nad Labem, r.2001)<\/p>\n<p><strong><a href=\"https:\/\/www.youtube.com\/watch?v=aZTdb4dT3VE\" target=\"_blank\">Kr\u00e1tk\u00fd film Chata\u0159 (Youtube video)<\/a> (\u010dti: &#8222;\u010ceta\u0159&#8220;, od slova CHAT neboli &#8222;\u010det&#8220;)<\/strong><\/p>\n<p><strong><a href=\"https:\/\/youtu.be\/-tSTtJOuSpc\" target=\"_blank\">Film o film Chata\u0159 (Youtube video)<\/a><\/strong><\/p>\n","protected":false},"excerpt":{"rendered":"<p>Na vlastn\u00ed triko (Youtube video) (z\u00e1znam p\u0159edstaven\u00ed divadeln\u00ed sboru z&nbsp;Brand\u00fdsa nad Labem, r.2001) Kr\u00e1tk\u00fd film Chata\u0159 (Youtube video) (\u010dti: &#8222;\u010ceta\u0159&#8220;, od slova CHAT neboli &#8222;\u010det&#8220;) Film o film Chata\u0159 (Youtube video)<\/p>\n","protected":false},"author":1,"featured_media":0,"parent":267,"menu_order":3,"comment_status":"closed","ping_status":"closed","template":"","meta":{"footnotes":""},"class_list":["post-549","page","type-page","status-publish","hentry"],"_links":{"self":[{"href":"http:\/\/cemada.m-software.cz\/index.php?rest_route=\/wp\/v2\/pages\/549","targetHints":{"allow":["GET"]}}],"collection":[{"href":"http:\/\/cemada.m-software.cz\/index.php?rest_route=\/wp\/v2\/pages"}],"about":[{"href":"http:\/\/cemada.m-software.cz\/index.php?rest_route=\/wp\/v2\/types\/page"}],"author":[{"embeddable":true,"href":"http:\/\/cemada.m-software.cz\/index.php?rest_route=\/wp\/v2\/users\/1"}],"replies":[{"embeddable":true,"href":"http:\/\/cemada.m-software.cz\/index.php?rest_route=%2Fwp%2Fv2%2Fcomments&post=549"}],"version-history":[{"count":5,"href":"http:\/\/cemada.m-software.cz\/index.php?rest_route=\/wp\/v2\/pages\/549\/revisions"}],"predecessor-version":[{"id":570,"href":"http:\/\/cemada.m-software.cz\/index.php?rest_route=\/wp\/v2\/pages\/549\/revisions\/570"}],"up":[{"embeddable":true,"href":"http:\/\/cemada.m-software.cz\/index.php?rest_route=\/wp\/v2\/pages\/267"}],"wp:attachment":[{"href":"http:\/\/cemada.m-software.cz\/index.php?rest_route=%2Fwp%2Fv2%2Fmedia&parent=549"}],"curies":[{"name":"wp","href":"https:\/\/api.w.org\/{rel}","templated":true}]}}