{"id":1272,"date":"2018-04-22T13:32:53","date_gmt":"2018-04-22T12:32:53","guid":{"rendered":"http:\/\/cemada.m-software.cz\/?page_id=1272"},"modified":"2018-04-22T13:32:53","modified_gmt":"2018-04-22T12:32:53","slug":"podle-skutecnych-udalosti-zivotopisne","status":"publish","type":"page","link":"http:\/\/cemada.m-software.cz\/?page_id=1272","title":{"rendered":"Podle skute\u010dn\u00fdch ud\u00e1lost\u00ed \/ \u017eivotopisn\u00e9"},"content":{"rendered":"<p><strong>Podle skute\u010dn\u00fdch ud\u00e1lost\u00ed:<\/strong><br \/>\n<a href=\"https:\/\/www.csfd.cz\/film\/304544-12-let-v-retezech\/prehled\/\">12 let v&nbsp;\u0159et\u011bzech (Twelve Years a Slave)<\/a> &#8211; otrok\u00e1\u0159sk\u00e9 drama o svobodn\u00e9m \u010dernochovi, co se&#8220;omylem&#8220; dostane do otroctv\u00ed<br \/>\n<a href=\"https:\/\/www.csfd.cz\/film\/311865-42\/prehled\/\"> 42 (42)<\/a> &#8211; 42 je \u010d\u00edslo legendy americk\u00e9ho baseballu. \u010c\u00edslo, kter\u00e9 dnes v&nbsp;americk\u00e9 Major League (nejvy\u0161\u0161\u00ed americk\u00e9 baseballov\u00e9 lize) neuvid\u00edte&#8230;s&nbsp;jedinou vyj\u00edmkou. Tou vyj\u00edmkou je den 15.dubna. V&nbsp;ten den se hraje tzv. Jackie Robinson Day. V&nbsp;ten den maj\u00ed na sv\u00fdch dresech \u010d\u00edslo 42 \u00fapln\u011b, ale \u00fapln\u011b v\u0161ichni. Den vzd\u00e1n\u00ed pocty prvn\u00edmu hr\u00e1\u010di tmav\u00e9 pleti v&nbsp;nejvy\u0161\u0161\u00ed americk\u00e9 baseballov\u00e9 lize. Hr\u00e1\u010di, kter\u00fd si musel proj\u00edt obt\u00ed\u017enou dobou. Hr\u00e1\u010di, kter\u00fd bo\u0159il hranice segregace \u010dernoch\u016f v&nbsp;Americe.<br \/>\nKr\u00e1tk\u00fd pr\u016f\u0159ez <a href=\"https:\/\/www.stream.cz\/sportovni-okamziky\/10016269-hrac-cislo-42-baseballista-ktery-zboril-bariery-1947\">ZDE<\/a><br \/>\n<a href=\"https:\/\/www.csfd.cz\/film\/423082-kocour-bob\/prehled\/\">Kocour Bob (A street cat named Bob)<\/a> &#8211; kocour Bob je nebo sp\u00ed\u0161e byl tul\u00e1k. Dokud jednou nepotkal Jamese Bowena. Ten je zase narkomanem. Tenhle p\u0159\u00edb\u011bh vypr\u00e1v\u00ed o neobvykl\u00e9m p\u0159\u00e1telstv\u00ed Jamese a Boba a o cest\u011b Jamese zp\u011bt do spole\u010dnosti. Ve filmu hraje Bob s\u00e1m sebe, James napsal p\u0159edlohu&#8230;sv\u016fj \u017eivotopis.<br \/>\n<a href=\"https:\/\/www.csfd.cz\/film\/6443-ali\/prehled\/\"> Ali (Ali)<\/a> &#8211; kdo by neznal Muhameda Aliho &#8211; legend\u00e1rn\u00edho boxera. Zde v&nbsp;pod\u00e1n\u00ed \u00fa\u017easn\u00e9ho Willa Smithe.<br \/>\n<a href=\"https:\/\/www.csfd.cz\/film\/341884-americky-sniper\/prehled\/\"> Americk\u00fd sniper (American Sniper)<\/a> &#8211; \u017eivotopis o americk\u00e9m odst\u0159elova\u010di Chrisu Kyleovi, kter\u00fd je v&nbsp;U.S.Army legendou. \u010clen jednotky SEAL, kter\u00fd pro\u0161el \u010dty\u0159mi turnusy v&nbsp;Ir\u00e1ku a zapsal se mnoha skv\u011bl\u00fdmi z\u00e1sahy. Film ukazuje i jeho \u017eivot v&nbsp;USA, kde se projevovali syndromy z&nbsp;v\u00e1lky. Paradoxn\u011b byl tento voj\u00e1k zast\u0159elen &#8222;sv\u00fdm \u017e\u00e1kem&#8220; na st\u0159elnici v&nbsp;USA, kde ukazoval a u\u010dil z\u00e1jemcem o st\u0159elbu odst\u0159elova\u010dkou. V&nbsp;hlavn\u00ed roli skv\u011bl\u00fd Bradley Cooper.<br \/>\nMimochodem s&nbsp;Cooperem doporu\u010duji seri\u00e1l <a href=\"https:\/\/www.csfd.cz\/film\/213312-sefkuchar-nadivoko\/prehled\/\">\u0160\u00e9fkucha\u0159 nadivoko<\/a>, kter\u00fd byl bohu\u017eel po 13n\u00e1cti d\u00edlech (podle m\u011b nesmysln\u011b) ukon\u010den.<br \/>\n<a href=\"https:\/\/www.csfd.cz\/film\/4541-apollo-13\/prehled\/\"> Apollo 13 (Apollo 13)<\/a> &#8211; nev\u00ed\u0161 co je Apollo 13? Co\u017ee, TY TO NEV\u00cd\u0160??? To je velk\u00e1 mezera ve vzd\u011bl\u00e1n\u00ed, kterou MUS\u00cd\u0160 napravit. Asi nejv\u011bt\u0161\u00ed drama americk\u00e9ho vesm\u00edrn\u00e9ho programu, kter\u00e9 skon\u010dilo dob\u0159e. S&nbsp;fenomen\u00e1ln\u00edm Tomem Hanksem v&nbsp;hlavn\u00ed roli.<br \/>\n<a href=\"https:\/\/www.csfd.cz\/film\/375808-cena-svobody\/prehled\/\"> Cena svobody (The Good Lie)<\/a> &#8211; zaj\u00edmav\u00fd film o &#8222;zachr\u00e1n\u011bn\u00fdch d\u011btech Afriky&#8220; a jejich za\u010dle\u0148ov\u00e1n\u00ed do americk\u00e9 spole\u010dnosti.<br \/>\n<a href=\"https:\/\/www.csfd.cz\/film\/8266-cerny-jestrab-sestrelen\/prehled\/\"> \u010cern\u00fd jest\u0159\u00e1b sest\u0159elen (Black Hawk Down)<\/a> &#8211; jeden z&nbsp;nejlep\u0161\u00edch v\u00e1le\u010dn\u00fdch film\u016f modern\u00ed doby, kter\u00fd vypr\u00e1v\u00ed o jednotce (jednotk\u00e1ch) v&nbsp;som\u00e1lk\u00e9m Mogadishu. O voj\u00e1c\u00edch bojuj\u00edc\u00ed o vlastn\u00ed p\u0159e\u017eit\u00ed ale i sv\u016fj rozum. Nen\u00ed se \u010demu div\u00edt, kdy\u017e zde s&nbsp;\u00fato\u010dnou p\u016f\u0161kou AK-47 b\u011bhali i mal\u00e9 d\u011bti. Black Hawk Down vypr\u00e1v\u00ed o akci v&nbsp;Mogadishu, kter\u00e9 vy\u0161la i nevy\u0161la. O z\u00e1chran\u00e9 akci pos\u00e1dku vrtuln\u00edku Sykorski UH-60 Black Hawk, kter\u00fd zde byla b\u011bhem akce sest\u0159elan. Upozor\u0148uji, \u017ee to neni nic pro slab\u00e9 povahy. Velk\u00fd film pro (tenkr\u00e1t) nov\u00e1\u010dky jako je Josh Hartnett a Ewan McGregor.<br \/>\n<a href=\"https:\/\/www.csfd.cz\/film\/321092-diana\/prehled\/\">Diana (Diana)<\/a> &#8211; \u017eivotopis zam\u011b\u0159uj\u00edc\u00ed se na posledn\u00ed dva roky slavn\u00e9 lady Diany, princezny z&nbsp;Wallesu v&nbsp;pod\u00e1n\u00ed n\u00e1dhern\u00e9 Naomi Watts.<br \/>\nExpress<br \/>\nChicago<br \/>\nChy\u0165 m\u011b, kdy\u017e to dok\u00e1\u017ee\u0161<br \/>\nKapit\u00e1n Phillips<br \/>\nLetec<br \/>\nLouis Cyr<br \/>\nMezi \u0159\u00e1dky<br \/>\nMu\u017e na lan\u011b<br \/>\nMy jsme Marshallov\u00e9<br \/>\nNedotknuteln\u00ed<br \/>\nOrel Eddie<br \/>\nRivalov\u00e9<br \/>\nSpr\u00e1vn\u00e1 pos\u00e1dka<br \/>\n\u00dadol\u00ed st\u00edn\u016f<br \/>\nV&nbsp;zajet\u00ed rychlosti<br \/>\nVlk z&nbsp;Walk Street<br \/>\nVzpom\u00ednka na Tit\u00e1ny<br \/>\nYip-man<br \/>\nYip-man 2<br \/>\nYip-man 3<br \/>\nYip-man &#8211; Zrozen\u00ed legendy<\/p>\n","protected":false},"excerpt":{"rendered":"<p>Podle skute\u010dn\u00fdch ud\u00e1lost\u00ed: 12 let v&nbsp;\u0159et\u011bzech (Twelve Years a Slave) &#8211; otrok\u00e1\u0159sk\u00e9 drama o svobodn\u00e9m \u010dernochovi, co se&#8220;omylem&#8220; dostane do otroctv\u00ed 42 (42) &#8211; 42 je \u010d\u00edslo legendy americk\u00e9ho baseballu. \u010c\u00edslo, kter\u00e9 dnes v&nbsp;americk\u00e9 Major League (nejvy\u0161\u0161\u00ed americk\u00e9 baseballov\u00e9 lize) &hellip; <a href=\"http:\/\/cemada.m-software.cz\/?page_id=1272\">Cel\u00fd p\u0159\u00edsp\u011bvek <span class=\"meta-nav\">&rarr;<\/span><\/a><\/p>\n","protected":false},"author":1,"featured_media":0,"parent":881,"menu_order":1,"comment_status":"closed","ping_status":"closed","template":"","meta":{"footnotes":""},"class_list":["post-1272","page","type-page","status-publish","hentry"],"_links":{"self":[{"href":"http:\/\/cemada.m-software.cz\/index.php?rest_route=\/wp\/v2\/pages\/1272","targetHints":{"allow":["GET"]}}],"collection":[{"href":"http:\/\/cemada.m-software.cz\/index.php?rest_route=\/wp\/v2\/pages"}],"about":[{"href":"http:\/\/cemada.m-software.cz\/index.php?rest_route=\/wp\/v2\/types\/page"}],"author":[{"embeddable":true,"href":"http:\/\/cemada.m-software.cz\/index.php?rest_route=\/wp\/v2\/users\/1"}],"replies":[{"embeddable":true,"href":"http:\/\/cemada.m-software.cz\/index.php?rest_route=%2Fwp%2Fv2%2Fcomments&post=1272"}],"version-history":[{"count":1,"href":"http:\/\/cemada.m-software.cz\/index.php?rest_route=\/wp\/v2\/pages\/1272\/revisions"}],"predecessor-version":[{"id":1273,"href":"http:\/\/cemada.m-software.cz\/index.php?rest_route=\/wp\/v2\/pages\/1272\/revisions\/1273"}],"up":[{"embeddable":true,"href":"http:\/\/cemada.m-software.cz\/index.php?rest_route=\/wp\/v2\/pages\/881"}],"wp:attachment":[{"href":"http:\/\/cemada.m-software.cz\/index.php?rest_route=%2Fwp%2Fv2%2Fmedia&parent=1272"}],"curies":[{"name":"wp","href":"https:\/\/api.w.org\/{rel}","templated":true}]}}