{"id":1210,"date":"2018-01-03T08:11:01","date_gmt":"2018-01-03T07:11:01","guid":{"rendered":"http:\/\/cemada.m-software.cz\/?page_id=1210"},"modified":"2018-11-23T08:27:24","modified_gmt":"2018-11-23T07:27:24","slug":"skd-chlapi-2018","status":"publish","type":"page","link":"http:\/\/cemada.m-software.cz\/?page_id=1210","title":{"rendered":"SKD Chlapi 2018"},"content":{"rendered":"<p>Bowling &gt;&gt;&gt; SKD &gt;&gt;&gt; SKD Chlapi 2018<\/p>\n<p><iframe loading=\"lazy\" style=\"border: solid 1px #777;\" src=\"https:\/\/calendar.google.com\/calendar\/embed?height=600&amp;wkst=2&amp;bgcolor=%23c0c0c0&amp;src=hm8941ulnhfj9b79su61l7u4gg%40group.calendar.google.com&amp;color=%23AB8B00&amp;ctz=Europe%2FPrague\" width=\"660\" height=\"600\" frameborder=\"0\" scrolling=\"no\"><\/iframe><\/p>\n<p><span style=\"text-decoration: underline;\"><strong>V\u00fdsledky<br \/>\n<\/strong><\/span><a href=\"http:\/\/cemada.m-software.cz\/wp-content\/uploads\/bowling\/skd2018\/SKD2018_Statistika.pdf\">SKD Chlapi 2018 &#8211; Statistiky (po 22.11.2018)<\/a><br \/>\n<a href=\"http:\/\/cemada.m-software.cz\/wp-content\/uploads\/bowling\/skd2018\/SKD2018_1turnaj.pdf\">SKD Chlapi 2018 &#8211; 1.turnaj (16.1.2018)<\/a><br \/>\n<a href=\"http:\/\/cemada.m-software.cz\/wp-content\/uploads\/bowling\/skd2018\/SKD2018_2turnaj.pdf\">SKD Chlapi 2018 &#8211; 2.turnaj (14.2.2018)<\/a><br \/>\n<a href=\"http:\/\/cemada.m-software.cz\/wp-content\/uploads\/bowling\/skd2018\/SKD2018_3turnaj.pdf\">SKD Chlapi 2018 &#8211; 3.turnaj (4.4.2018)<\/a><br \/>\n<a href=\"http:\/\/cemada.m-software.cz\/wp-content\/uploads\/bowling\/skd2018\/SKD2018_4turnaj.pdf\">SKD Chlapi 2018 &#8211; 4.turnaj (18.4.2018)<\/a><br \/>\n<a href=\"http:\/\/cemada.m-software.cz\/wp-content\/uploads\/bowling\/skd2018\/SKD2018_5turnaj.pdf\">SKD Chlapi 2018 &#8211; 5.turnaj (29.5.2018)<\/a><br \/>\n<a href=\"http:\/\/cemada.m-software.cz\/wp-content\/uploads\/bowling\/skd2018\/SKD2018_6turnaj.pdf\">SKD Chlapi 2018 &#8211; 6.turnaj (20.6.2018)<\/a><br \/>\n<a href=\"http:\/\/cemada.m-software.cz\/wp-content\/uploads\/bowling\/skd2018\/SKD2018_7turnaj.pdf\">SKD Chlapi 2018 &#8211; 7.turnaj (28.8.2018)<\/a><br \/>\n<a href=\"http:\/\/cemada.m-software.cz\/wp-content\/uploads\/bowling\/skd2018\/SKD2018_8turnaj.pdf\">SKD Chlapi 2018 &#8211; 8.turnaj (4.9.2018)<\/a><br \/>\n<a href=\"http:\/\/cemada.m-software.cz\/wp-content\/uploads\/bowling\/skd2018\/SKD2018_9turnaj.pdf\">SKD Chlapi 2018 &#8211; 9.turnaj (11.9.2018)<\/a><br \/>\n<a href=\"http:\/\/cemada.m-software.cz\/wp-content\/uploads\/bowling\/skd2018\/SKD2018_10turnaj.pdf\">SKD Chlapi 2018 &#8211; 10.turnaj (16.10.2018)<\/a><br \/>\n<a href=\"http:\/\/cemada.m-software.cz\/wp-content\/uploads\/bowling\/skd2018\/SKD2018_11turnaj.pdf\">SKD Chlapi 2018 &#8211; 11.turnaj (7.11.2018)<\/a><br \/>\n<a href=\"http:\/\/cemada.m-software.cz\/wp-content\/uploads\/bowling\/skd2018\/SKD2018_12turnaj.pdf\">SKD Chlapi 2018 &#8211; 12.turnaj (22.11.2018)<\/a><br \/>\n<a href=\"http:\/\/cemada.m-software.cz\/wp-content\/uploads\/bowling\/skd2018\/SKD2018_Vanocni_pohar.pdf\">SKD Chlapi 2018 &#8211; V\u00e1no\u010dn\u00ed poh\u00e1r (nebyl)<\/a><\/p>\n","protected":false},"excerpt":{"rendered":"<p>Bowling &gt;&gt;&gt; SKD &gt;&gt;&gt; SKD Chlapi 2018 V\u00fdsledky SKD Chlapi 2018 &#8211; Statistiky (po 22.11.2018) SKD Chlapi 2018 &#8211; 1.turnaj (16.1.2018) SKD Chlapi 2018 &#8211; 2.turnaj (14.2.2018) SKD Chlapi 2018 &#8211; 3.turnaj (4.4.2018) SKD Chlapi 2018 &#8211; 4.turnaj (18.4.2018) SKD &hellip; <a href=\"http:\/\/cemada.m-software.cz\/?page_id=1210\">Cel\u00fd p\u0159\u00edsp\u011bvek <span class=\"meta-nav\">&rarr;<\/span><\/a><\/p>\n","protected":false},"author":1,"featured_media":0,"parent":257,"menu_order":4,"comment_status":"closed","ping_status":"closed","template":"","meta":{"footnotes":""},"class_list":["post-1210","page","type-page","status-publish","hentry"],"_links":{"self":[{"href":"http:\/\/cemada.m-software.cz\/index.php?rest_route=\/wp\/v2\/pages\/1210","targetHints":{"allow":["GET"]}}],"collection":[{"href":"http:\/\/cemada.m-software.cz\/index.php?rest_route=\/wp\/v2\/pages"}],"about":[{"href":"http:\/\/cemada.m-software.cz\/index.php?rest_route=\/wp\/v2\/types\/page"}],"author":[{"embeddable":true,"href":"http:\/\/cemada.m-software.cz\/index.php?rest_route=\/wp\/v2\/users\/1"}],"replies":[{"embeddable":true,"href":"http:\/\/cemada.m-software.cz\/index.php?rest_route=%2Fwp%2Fv2%2Fcomments&post=1210"}],"version-history":[{"count":21,"href":"http:\/\/cemada.m-software.cz\/index.php?rest_route=\/wp\/v2\/pages\/1210\/revisions"}],"predecessor-version":[{"id":1364,"href":"http:\/\/cemada.m-software.cz\/index.php?rest_route=\/wp\/v2\/pages\/1210\/revisions\/1364"}],"up":[{"embeddable":true,"href":"http:\/\/cemada.m-software.cz\/index.php?rest_route=\/wp\/v2\/pages\/257"}],"wp:attachment":[{"href":"http:\/\/cemada.m-software.cz\/index.php?rest_route=%2Fwp%2Fv2%2Fmedia&parent=1210"}],"curies":[{"name":"wp","href":"https:\/\/api.w.org\/{rel}","templated":true}]}}